a (base 13) to base 5.
-222
1212 (base 4) to base 15
6c
Convert 42 (base 16) to base 12.
56
What is -2 (base 15) in base 14?
-2
61 (base 12) to base 8
111
What is -2 (base 6) in base 11?
-2
Convert 14 (base 5) to base 14.
9
133 (base 9) to base 6
303
-28 (base 12) to base 7
-44
What is -2 (base 8) in base 3?
-2
What is 23 (base 9) in base 12?
19
What is 84 (base 15) in base 7?
235
Convert -20 (base 14) to base 4.
-130
What is -b6 (base 12) in base 3?
-12010
-20 (base 8) to base 9
-17
Convert -1 (base 2) to base 4.
-1
What is 212 (base 4) in base 11?
35
27 (base 10) to base 6
43
What is -5 (base 9) in base 16?
-5
-5 (base 16) to base 3
-12
-402 (base 5) to base 15
-6c
3 (base 14) to base 4
3
-100 (base 2) to base 3
-11
What is -212 (base 4) in base 5?
-123
Convert 10 (base 2) to base 9.
2
Convert 16 (base 14) to base 16.
14
-542 (base 7) to base 2
-100010011
Convert -56 (base 8) to base 2.
-101110
-9 (base 16) to base 15
-9
Convert 10 (base 2) to base 9.
2
Convert -43 (base 14) to base 2.
-111011
-13 (base 7) to base 2
-1010
What is 3 (base 8) in base 14?
3
What is 11 (base 5) in base 8?
6
What is 20021 (base 3) in base 12?
121
Convert -2 (base 15) to base 12.
-2
What is -3 (base 10) in base 14?
-3
-223 (base 7) to base 11
-a5
Convert 1 (base 7) to base 15.
1
What is 17 (base 16) in base 4?
113
What is 520 (base 6) in base 8?
300
What is 1 (base 11) in base 5?
1
177 (base 12) to base 7
454
Convert -1c (base 14) to base 16.
-1a
Convert 1 (base 9) to base 8.
1
Convert -20 (base 4) to base 7.
-11
What is 103 (base 4) in base 6?
31
What is 6 (base 15) in base 5?
11
65 (base 12) to base 6
205
What is d (base 16) in base 5?
23
4 (base 14) to base 10
4
What is 5 (base 9) in base 14?
5
Convert -1 (base 4) to base 6.
-1
What is -90 (base 13) in base 8?
-165
-4 (base 12) to base 14
-4
Convert 72 (base 11) to base 6.
211
-10 (base 3) to base 11
-3
-3 (base 14) to base 5
-3
-26 (base 14) to base 5
-114
Convert -3 (base 4) to base 5.
-3
Convert -2 (base 5) to base 2.
-10
-8b (base 14) to base 2
-1111011
Convert -102 (base 12) to base 10.
-146
Convert -6 (base 16) to base 4.
-12
What is 1 (base 11) in base 6?
1
What is -3b (base 12) in base 15?
-32
-43 (base 10) to base 13
-34
Convert c8 (base 16) to base 4.
3020
Convert -2 (base 7) to base 14.
-2
What is -6 (base 16) in base 6?
-10
1 (base 10) to base 2
1
What is 2 (base 11) in base 6?
2
Convert 122 (base 4) to base 13.
20
13 (base 9) to base 16
c
150 (base 12) to base 4
3030
Convert 32 (base 13) to base 6.
105
Convert -b (base 16) to base 6.
-15
-4 (base 16) to base 7
-4
What is -21 (base 3) in base 15?
-7
-33 (base 6) to base 10
-21
What is 21 (base 15) in base 2?
11111
Convert 185 (base 10) to base 7.
353
What is 111 (base 4) in base 9?
23
What is -342 (base 6) in base 5?
-1014
What is -46 (base 8) in base 10?
-38
-43 (base 6) to base 11
-25
Convert 55 (base 12) to base 5.
230
1 (base 4) to base 3
1
Convert 20 (base 14) to base 12.
24
What is 1100101 (base 2) in base 4?
1211
-3 (base 9) to base 7
-3
What is -1200 (base 3) in base 12?
-39
What is 222 (base 3) in base 11?
24
Convert -b (base 13) to base 16.
-b
Convert -1041 (base 5) to base 9.
-172
What is 11 (base 4) in base 6?
5
253 (base 6) to base 2
1101001
What is 5 (base 13) in base 16?
5
11 (base 2) to base 10
3
Convert 96 (base 13) to base 11.
102
11 (base 4) to base 14
5
Convert -6b (base 15) to base 14.
-73
What is 1 (base 12) in base 4?
1
Convert -14 (base 13) to base 14.
-13
What is -11 (base 9) in base 2?
-1010
What is 3 (base 7) in base 9?
3
What is 12 (base 4) in base 15?
6
Convert a9 (base 13) to base 7.
256
What is -3 (base 11) in base 13?
-3
2314 (base 5) to base 6
1314
What is -4 (base 14) in base 15?
-4
Convert -14 (base 5) to base 15.
-9
What is 10 (base 7) in base 3?
21
-4c (base 13) to base 3
-2101
What is -7 (base 8) in base 6?
-11
23 (base 4) to base 11
10
What is 1 (base 3) in base 6?
1
Convert 1 (base 3) to base 10.
1
Convert -2 (base 8) to base 15.
-2
16 (base 15) to base 2
10101
What is 335 (base 7) in base 15?
b8
2 (base 13) to base 12
2
Convert -100010 (base 2) to base 11.
-31
2000 (base 4) to base 3
11202
What is 62 (base 16) in base 4?
1202
-3 (base 14) to base 12
-3
Convert -35 (base 7) to base 5.
-101
What is -1b (base 12) in base 10?
-23
What is 221 (base 4) in base 3?
1112
What is -85 (base 13) in base 3?
-11001
2 (base 14) to base 15
2
Convert 111 (base 3) to base 9.
14
-2 (base 4) to base 15
-2
Convert 1100000 (base 2) to base 16.
60
9 (base 12) to base 5
14
Convert 1 (base 15) to base 10.
1
149 (base 12) to base 5
1301
What is -101 (base 2) in base 6?
-5
Convert -3d (base 14) to base 10.
-55
Convert 114 (base 14) to base 12.
15a
What is 48 (base 16) in base 6?
200
What is -236 (base 9) in base 12?
-143
2 (base 3) to base 9
2
Convert -26 (base 15) to base 5.
-121
-100 (base 9) to base 11
-74
-221 (base 3) to base 13
-1c
512 (base 6) to base 16
bc
What is 3 (base 12) in base 5?
3
39 (base 15) to base 2
110110
What is -2 (base 10) in base 14?
-2
-110 (base 3) to base 6
-20
What is -9 (base 12) in base 13?
-9
1000011 (base 2) to base 15
47
Convert 1 (base 11) to base 14.
1
-31 (base 16) to base 15
-34
-6d (base 15) to base 4
-1213
What is 1 (base 6) in base 15?
1
What is -c2 (base 14) in base 13?
-101
243 (base 6) to base 12
83
What is 2 (base 11) in base 7?
2
41 (base 12) to base 6
121
Convert 2a (base 16) to base 6.
110
Convert 1 (base 10) to base 5.
1
-4 (base 9) to base 10
-4
What is -24 (base 12) in base 11?
-26
Convert 84 (base 9) to base 10.
76
What is 2b (base 16) in base 3?
1121
-2 (base 4) to base 15
-2
-171 (base 11) to base 9
-241
What is -7 (base 10) in base 11?
-7
15 (base 13) to base 15
13
Convert 100 (base 4) to base 5.
31
Convert -4 (base 9) to base 2.
-100
What is 11101 (base 2) in base 11?
27
1000 (base 5) to base 15
85
What is 2 (base 13) in base 7?
2
Convert 4 (base 7) to base 4.
10
What is -2 (base 14) in base 8?
-2
What is 47 (base 12) in base 9?
61
What is -1300 (base 6) in base 8?
-504
1a (base 14) to base 2
11000
90 (base 12) to base 16
6c
Convert -200 (base 5) to base 9.
-55
Convert -3 (base 8) to base 3.
-10
8 (base 13) to base 9
8
What is -21 (base 6) in base 8?
-15
What is -2 (base 16) in base 12?
-2
Convert 234 (base 6) to base 9.
114
What is -2 (base 3) in base 12?
-2
Convert 1 (base 11) to base 2.
1
What is 21111 (base 3) in base 16?
ca
What is 9 (base 16) in base 7?
12
What is 4 (base 7) in base 11?
4
Convert 3 (base 8) to base 14.
3
What is 10 (base 3) in base 8?
3
Convert -1 (base 6) to base 4.
-1
Convert 36 (base 10) to base 7.
51
What is 3 (base 8) in base 16?
3
What is 220 (base 6) in base 16?
54
-70 (base 15) to base 6
-253
Convert -145 (base 6) to base 4.
-1001
What is -11 (base 4) in base 2?
-101
Convert 11012 (base 3) to base 14.
81
Convert 28 (base 13) to base 14.
26
What is 42 (base 10) in base 11?
39
What is -1 (base 7) in base 14?
-1
-1 (base 12) to base 11
-1
Convert -4 (base 6) to base 16.
-4
What is 13 (base 10) in base 12?
11
410 (base 5) to base 12
89
122 (base 14) to base 4
3202
Convert -15 (base 8) to base 9.
-14
What is 1b2 (base 12) in base 14?
15c
Convert 320 (base 6) to base 3.
11110
-2a (base 14) to base 12
-32
What is 20 (base 3) in base 13?
6
Convert 3 (base 4) to base 13.
3
What is -d (base 15) in base 2?
-1101
What is -4 (base 15) in base 10?
-4
What is -22 (base 8) in base 7?
-24
What is -2 (base 8) in base 16?
-2
10011 (base 2) to base 9
21
11 (base 3) to base 10
4
0 (base 12) to base 10
0
-3 (base 16) to base 12
-3
Convert -1 (base 6) to base 12.
-1
Convert -191 (base 11) to base 7.
-434
-1 (base 3) to base 7
-1
Convert 7 (base 16) to base 13.
7
-22 (base 16) to base 5
-114
What is 29 (base 15) in base 8?
47
-1 (base 6) to base 15
-1
What is 4 (base 12) in base 7?
4
Convert -47 (base 16) to base 8.
-107
102 (base 15) to base 8
343
-5 (base 10) to base 9
-5
Convert 1000 (base 3) to base 2.
11011
Convert -3 (base 7) to base 11.
-3
-105 (base 8) to base 12
-59
-11 (base 14) to base 16
-f
1d (base 16) to base 11
27
-7 (base 9) to base 4
-13
172 (base 9) to base 5
1041
What is -1 (base 16) in base 14?
-1
27 (base 8) to base 9
25
What is -97 (base 11) in base 12?
-8a
0 (base 5) to base 10
0
Convert 6 (base 12) to base 7.
6
Convert 11 (base 12) to base 7.
16